 7607 composite?
False
Is 81407 composite?
True
Is 571331 a prime number?
True
Is 16741 composite?
False
Is 148739 prime?
False
Is 20021 a prime number?
True
Is 985 composite?
True
Is 61949 composite?
False
Is 105557 composite?
False
Is 2021545 a composite number?
True
Is 6803 a prime number?
True
Is 801487 a composite number?
False
Is 24217 a composite number?
True
Is 33671 composite?
True
Is 7737 composite?
True
Is 212242 a composite number?
True
Is 284285 prime?
False
Is 11099 a prime number?
False
Is 3102763 a composite number?
False
Is 10897 a composite number?
True
Is 2699 prime?
True
Is 521641 prime?
True
Is 2483 prime?
False
Is 686947 a composite number?
False
Is 141779 a composite number?
True
Is 820361 a composite number?
False
Is 38897 a prime number?
False
Is 13331 a composite number?
False
Is 67657 a prime number?
False
Is 263731 a composite number?
True
Is 14251 a composite number?
False
Is 174389 composite?
False
Is 457 a prime number?
True
Is 45418 composite?
True
Is 62149 a composite number?
True
Is 5737 prime?
True
Is 510319 a composite number?
False
Is 93477 a composite number?
True
Is 4804231 composite?
False
Is 243829 a prime number?
True
Is 3053 prime?
False
Is 15101 composite?
False
Is 3433 a prime number?
True
Is 99557 a prime number?
False
Is 2767 composite?
False
Is 22109 prime?
True
Is 23047 prime?
False
Is 113081 a prime number?
True
Is 130423 composite?
False
Is 190997 a prime number?
True
Is 2579 prime?
True
Is 10223 composite?
False
Is 1626923 composite?
False
Is 31441 a prime number?
False
Is 2203 prime?
True
Is 2447 composite?
False
Is 494639 a composite number?
False
Is 251 prime?
True
Is 39361 prime?
False
Is 155137 a prime number?
True
Is 10361 a composite number?
True
Is 31103 a composite number?
True
Is 30445 a composite number?
True
Is 154943 prime?
True
Is 9127 prime?
True
Is 253901 composite?
False
Is 34733 a composite number?
True
Is 1907 prime?
True
Is 1781 composite?
True
Is 344761 prime?
False
Is 264029 a prime number?
True
Is 16721 prime?
False
Is 1594049 a prime number?
True
Is 127 composite?
False
Is 18829 composite?
True
Is 111349 a prime number?
False
Is 177257 a composite number?
False
Is 379073 a prime number?
True
Is 62459 prime?
True
Is 1685 composite?
True
Is 12659 a prime number?
True
Is 750507 a prime number?
False
Is 2001273 prime?
False
Is 537877 a composite number?
False
Is 2899 composite?
True
Is 24218 prime?
False
Is 398369 a prime number?
True
Is 16909 prime?
False
Is 62003 a composite number?
False
Is 14591 a composite number?
False
Is 94201 composite?
False
Is 6521 prime?
True
Is 29501 a prime number?
True
Is 52849 a composite number?
True
Is 272354 a composite number?
True
Is 1286 prime?
False
Is 65057 a prime number?
False
Is 131129 composite?
False
Is 3457 a composite number?
False
Is 93407 a prime number?
True
Is 649991 prime?
True
Is 71933 composite?
False
Is 142289 prime?
False
Is 205889 a composite number?
True
Is 15641 prime?
True
Is 515119 prime?
False
Is 8097 a prime number?
False
Is 2741 composite?
False
Is 1623 a composite number?
True
Is 242401 a prime number?
False
Is 5447 a prime number?
False
Is 5623 a prime number?
True
Is 163745 composite?
True
Is 1280371 composite?
False
Is 11209 a composite number?
True
Is 233657 prime?
False
Is 11469719 a composite number?
False
Is 2334439 a prime number?
True
Is 195593 composite?
False
Is 35099 a composite number?
False
Is 1886347 a prime number?
True
Is 13381 composite?
False
Is 679 composite?
True
Is 43247 composite?
True
Is 121015 composite?
True
Is 2911 composite?
True
Is 17747 prime?
True
Is 1814 prime?
False
Is 30757 a composite number?
False
Is 25391 a composite number?
False
Is 28001 a composite number?
False
Is 1020451 composite?
False
Is 895633 a composite number?
False
Is 11579 a prime number?
True
Is 52291 a prime number?
True
Is 91783 a prime number?
False
Is 301027 a composite number?
False
Is 8779 a composite number?
False
Is 962733 a composite number?
True
Is 614693 prime?
True
Is 231279 a composite number?
True
Is 1240607 composite?
False
Is 1753 a composite number?
False
Is 136621 a prime number?
True
Is 16715 composite?
True
Is 17211 composite?
True
Is 175211 composite?
False
Is 248594 a prime number?
False
Is 1073677 prime?
False
Is 689131 a prime number?
True
Is 41803 a prime number?
False
Is 45481 prime?
True
Is 6337 prime?
True
Is 37951 a prime number?
True
Is 362281 prime?
True
Is 371 prime?
False
Is 518509 a composite number?
False
Is 5839 a prime number?
True
Is 46346 prime?
False
Is 131 prime?
True
Is 8263 a composite number?
False
Is 465995 a prime number?
False
Is 644747 prime?
True
Is 207265 composite?
True
Is 3641 a prime number?
False
Is 46327 a prime number?
True
Is 39971 prime?
True
Is 356129 a composite number?
False
Is 370571 composite?
False
Is 44563 a composite number?
False
Is 6127 a composite number?
True
Is 190117 a composite number?
True
Is 1460647 prime?
False
Is 1010491 a prime number?
True
Is 711877 prime?
True
Is 10969 composite?
True
Is 110797 composite?
True
Is 12347 a prime number?
True
Is 34973 a prime number?
False
Is 227966 prime?
False
Is 8209 prime?
True
Is 1934 a composite number?
True
Is 55747 prime?
False
Is 7433 composite?
False
Is 770863 a composite number?
False
Is 69143 a prime number?
True
Is 19301 a composite number?
False
Is 845015 a composite number?
True
Is 307453 composite?
True
Is 1798699 prime?
False
Is 145 composite?
True
Is 697019 prime?
True
Is 68569 composite?
True
Is 1019419 a composite number?
True
Is 8579 composite?
True
Is 1572587 a prime number?
True
Is 10411 a prime number?
False
Is 18559 a composite number?
True
Is 5854 a prime number?
False
Is 24578 prime?
False
Is 2918 prime?
False
Is 130757 prime?
False
Is 125917 a composite number?
True
Is 1095671 a composite number?
False
Is 34835 a prime number?
False
Is 38314 composite?
True
Is 76919 composite?
False
Is 17779 a prime number?
False
Is 1181839 a composite number?
False
Is 5519 composite?
False
Is 4717 prime?
False
Is 32677 a prime number?
False
Is 183437 prime?
True
Is 7279 composite?
True
Is 639983 prime?
True
Is 298673 a composite number?
True
Is 1371 prime?
False
Is 103409 a composite number?
False
Is 2333 a prime number?
True
Is 60881 a composite number?
True
Is 847871 composite?
False
Is 65447 a prime number?
True
Is 5911 a composite number?
True
Is 1134431 composite?
True
Is 10169 a composite number?
False
Is 15373 prime?
True
Is 1529 a prime number?
False
Is 8579 prime?
False
Is 16217 composite?
False
Is 49723 composite?
True
Is 52661 a composite number?
True
Is 2591 prime?
True
Is 98357 prime?
False
Is 758401 prime?
False
Is 4327 a composite number?
False
Is 9901 a prime number?
True
Is 2221 a prime number?
True
Is 49705 a prime number?
False
Is 79133 a prime number?
True
Is 177569 prime?
False
Is 2981 composite?
True
Is 16519 composite?
False
Is 9091 prime?
True
Is 289189 a prime number?
True
Is 441403 a composite number?
False
Is 19949 prime?
True
Is 3344091 a composite number?
True
Is 264481 composite?
True
Is 16033 a composite number?
False
Is 22 a prime number?
False
Is 1511 composite?
False
Is 76367 a prime number?
True
Is 2463827 a prime number?
False
Is 264697 a composite number?
False
Is 907 a composite number?
False
Is 40297 a composite number?
True
Is 3053 a composite number?
True
Is 16057 a prime number?
True
Is 1669 prime?
True
Is 127951 composite?
False
Is 262511 prime?
True
Is 235 a composite number?
True
Is 61993 a composite number?
True
Is 37277 a prime number?
True
Is 76631 composite?
False
Is 234533 prime?
False
Is 211 a prime number?
True
Is 32687 a composite number?
False
Is 140521 composite?
False
Is 645142 prime?
False
Is 8899 a prime number?
False
Is 7356457 composite?
False
Is 2429 composite?
True
Is 482039 a prime number?
True
Is 30353 a composite number?
True
Is 35273 a prime number?
False
Is 1361 composite?
False
Is 919891 prime?
False
Is 16871 a prime number?
True
Is 125059 prime?
False
Is 638923 prime?
True
Is 2857 a prime number?
True
Is 107039 prime?
False
Is 5639 prime?
True
Is 23597 composite?
True
Is 2129 a composite number?
False
Is 533051 composite?
False
Is 2159 a prime number?
False
Is 1355753 prime?
False
Is 130753 composite?
True
Is 18119